ate p(n).
4
Let c(l) = l**3 - 6*l**2 - 4*l + 3. Suppose -4*o + 23 = 11. Give c(o).
-36
Let l(r) be the first derivative of -7*r**2/2 + 37*r + 55. Determine l(5).
2
Suppose 0 = d + 3*f + 11 + 5, 5*d - 4*f = -4. Let m(l) = -4*l**2 - 2*l - 5. Let q(w) = -5*w**2 - w - 6. Let n(c) = 4*m(c) - 3*q(c). Give n(d).
2
Let u(g) = 4*g**3 - 3*g**2 - g + 1. Let r(f) = 3*f**3 - 3*f**2 - f + 1. Let n(h) = 3*r(h) - 2*u(h). Let j be (-400)/700*7/4*-2. Give n(j).
-5
Let b(j) = j - 1. Let w(m) = -m**3 + m**2 + 4*m - 5. Let v(o) = -5*b(o) + w(o). Let a(d) = -d**3 + 5*d**2 + 4*d - 10. Let n be a(4). Let y = n + -22. Give v(y).
0
Let x = 1555 - 1548. Let k = 10 - 4. Let q(u) = u + 6 - 2*u + k. Calculate q(x).
5
Suppose 3*h + 3*f = 9, -13 = -5*h - 3*f + 4. Let a(g) = -g**2 - 3*g + 27. Calculate a(h).
-1
Let v(p) be the second derivative of -p**7/2520 + p**6/720 - p**5/30 - p**4 + 6*p. Let u(y) be the third derivative of v(y). Calculate u(-3).
-16
Let a(h) = h**2 + 6*h - 7. Let k be (12/(-15))/(12/90). Calculate a(k).
-7
Let q(o) = 13*o**3 + 2*o**2 + o. Suppose -13*l + 928 = -5*l. Suppose -117*x = -l*x + 1. Determine q(x).
-12
Let p(d) be the third derivative of -d**5/60 + d**4/6 - 507*d**2. What is p(6)?
-12
Let u(k) be the first derivative of -k**4/12 - 7*k**3/6 - 2*k**2 + 3*k + 4. Let d(n) be the first derivative of u(n). Determine d(-5).
6
Let a(d) = 2 - d**2 - 178*d + 5 + 187*d. Let o be (-6)/(-5)*(1575/(-14))/(-15). Calculate a(o).
7
Let w = -388 + 398. Let h(k) = -k - 11. What is h(w)?
-21
Let r(a) be the second derivative of a**3/6 + 5*a**2 - 4*a. Let o be 26/10 + (-9)/15. Suppose -o*i = -i. What is r(i)?
10
Let w = 2 - 2. Let a = -1 - w. Let c(q) be the third derivative of q**5/20 - 632*q**2. Calculate c(a).
3
Let j(n) be the third derivative of -n**5/60 + n**4/3 - 5*n**3/6 - 38*n**2 - 1. Suppose -5*v + 2*v + 21 = 0. Determine j(v).
2
Let v(a) = -2*a + 8. Let b = 12 + -3. Let m = b + -2. What is v(m)?
-6
Let k(x) = -7*x. Suppose -46*i - 125 = -71*i. Determine k(i).
-35
Let n(f) = -f**2 + f + 3. Let z(a) = -4*a**2 + 6*a + 11. Let p(j) = -9*n(j) + 2*z(j). Determine p(-7).
23
Let c(f) = -4*f. Let i be c(1). Let h = 21 + i. Let u be (-87)/h + (-26)/(-221). Let a(r) = -r**3 - 6*r**2 + 5. Give a(u).
-20
Let k(i) be the second derivative of i**3/3 - 2*i**2 - 56*i. Give k(4).
4
Let q(j) = j**3 + 2*j**2 - 2*j + 4. Let a(i) = i**3 + 6*i**2 + 3*i + 15. Let m be a(-6). Determine q(m).
1
Let g(i) = 3*i - 8*i - i - 8*i. Let c(t) = -t**2 + 58*t - 311. Let m be c(6). Calculate g(m).
-14
Let o(b) = -b**2 + 4. Let z(h) = h + 12. Let n be -3*((-10)/3)/(-1). Let u be z(n). Let k be (-5 + u)*1 + 0. Calculate o(k).
-5
Let c(m) be the second derivative of -1/6*m**3 + 0 + 3/2*m**2 - 10*m. What is c(-5)?
8
Let u(i) = i + 5. Suppose 2*n - 2 = n. Suppose n*t = -4*g + 18, 5*g - 2*t - 52 = -7. Suppose -30 = -2*a + g*a. Determine u(a).
-1
Let s(q) = q**2 + q - 8. Let z be s(-4). Suppose -n + z*n - 3 = 0. Let b(d) = -15*d. Calculate b(n).
-15
Let x be -7*(12/(-28) + 3). Let a(z) = -z**3 - 15*z**2 + 53*z - 14. Let g be a(x). Let l(o) = -4*o + 1. Let d(h) = h. Let j(q) = -6*d(q) - l(q). Calculate j(g).
-9
Let a be ((-15)/10)/(3/4). Let i(w) = w**2 + 7*w + 3. Let k be i(-7). Let t(j) = 0 - 1 - 3 + 3 + k*j. Calculate t(a).
-7
Let y(d) be the first derivative of -d**4/12 - d**3/2 + 6*d**2 + 2. Let q(j) be the second derivative of y(j). Calculate q(-6).
9
Let d(c) = -c**2 - 9*c - 3. Let f be d(-8). Let x(r) = -r**3 - 4. Let g be x(0). Let p be 5/(-2)*g/f. Let q(w) = -2*w + 1. Calculate q(p).
-3
Let k(x) be the third derivative of x**5/60 + 7*x**4/24 - 3*x**2. Let w = -19 + 6. Let f = w - -8. Determine k(f).
-10
Let h(s) = -s**3 - 6*s**2 + 10*s + 23. Let r be h(-7). Let j(g) = 626*g - 3 - 627*g + r. Give j(7).
-8
Let b(c) = -c + 7. Let u = 21 - -5. Let s(j) = j + 1. Let x be s(2). Suppose -2*t = t - 2*r - 14, x*t + 4*r = u. What is b(t)?
1
Let q(o) = 2*o - 4. Let s = 150 - 93. Let a = s - 53. Determine q(a).
4
Let m(h) = -4*h**2 + 52*h - 24. Let o(r) = -r**2 + 13*r - 6. Let a(l) = -2*m(l) + 9*o(l). Give a(13).
-6
Let t(u) be the second derivative of u**4/12 - 7*u**3/3 + u**2 - 199*u. Calculate t(13).
-11
Let h = -896 - -902. Let o(w) = w**3 - 5*w**2 - 8*w + 2. What is o(h)?
-10
Let o(c) be the first derivative of 1/3*c**3 + 1/4*c**4 - c**2 - 5 - 1/20*c**5 + 10*c. Let p(q) be the first derivative of o(q). Calculate p(3).
4
Let k(o) = -o**3 - 5*o**2 + o - 1. Let w = -48 - -46. Let u(v) = -4*v**3 - 16*v**2 + 3*v - 4. Let s(z) = w*u(z) + 7*k(z). Determine s(3).
4
Suppose -3*k = 3*m - 30, 4*m + 3 = -5. Let j = 6 - k. Let c(x) = -x**3 - 7*x**2 - 7*x - 9. What is c(j)?
-3
Let p(w) = w**2 - 33*w + 85. Let d be p(30). Let o(q) = q**2 + 2*q + 2. Determine o(d).
17
Let v(w) = w**3 - 5*w**2 + 3*w - 6. Suppose -4*s - 150 = 3*r + 149, -3*s - 2*r - 224 = 0. Let k = -69 - s. Determine v(k).
9
Let z(h) = -h + 7. Let s be 18*8/12 + -5. Give z(s).
0
Let t(x) = -8*x**3 + 2*x**2 + 27*x - 30. Let i be t(1). Let a(m) = -2 + 1 - m**2 - 10*m + 9*m**2 + m**3. What is a(i)?
8
Let x be (-2)/(-5)*(-20)/(-4). Let r(s) = -3*s - 32 + 2*s**x + 19 + 9. What is r(3)?
5
Let q(a) = -a + 10. Suppose w + 5*t + 14 = 0, -34 = -3*w + t + 4. Let i = w - -4. Let s = i + -15. Determine q(s).
10
Let y(h) = 4*h - 7. Suppose 2*p = 4*p - 8. Let z(o) = 5*o - 8. Let j(i) = p*y(i) - 3*z(i). Suppose t = 5*t + 12. What is j(t)?
-7
Let b be 0*((-15)/12 + 1). Let z(l) = l**3 - l - 7. Calculate z(b).
-7
Let p be (((-6)/(-4))/3)/((-17)/204). Let t(i) = i**3 + 5*i**2 - 4*i + 2. Calculate t(p).
-10
Let u(h) = h. Let y(t) be the second derivative of -t**4/6 + t**3/3 + t**2/2 - 5*t. Let i be y(2). Give u(i).
-3
Let q(j) = j**2 - 6*j. Let s = 15 + -9. Let i be q(s). Let u(n) = -6*n**2 + n**2 + 4*n**2. Calculate u(i).
0
Suppose 3*z = -4*c + 6 - 16, c - 32 = 5*z. Suppose -3*u + 12 = -0*u, -3*n + 7 = 4*u. Let s = n - z. Let y(m) = -m**3 + 4*m**2 - 4*m - 1. Determine y(s).
-4
Let d be (-1 - 2/(-1))*9. Suppose 2*c - 15 = -3*g + d, -16 = -g + 2*c. Let z(v) = g*v**2 - v**3 - 2*v**2 - 2*v - 3*v - 1 - v**2. Give z(6).
5
Let v(c) = c**3 - 19*c**2 - 19*c - 27. Suppose -96*m + 200 = -86*m. Give v(m).
-7
Suppose -2*l + 6*l + 6 = 5*c, 0 = c - 3*l + 1. Suppose -c*w + 2 = -4. Let z(v) = 10*v**2 - 5*v - 3*v**2 - 6 - v - v**w. What is z(6)?
-6
Let v(n) be the second derivative of -n**5/20 - 3*n**4/4 - n**3/6 - n**2/2 + 10*n - 1. Calculate v(-9).
8
Let s(j) = -3*j - 1. Let y(m) = -11*m - 1. Let z(a) = -a**2 - 8*a - 8. Let u be z(-7). Let o be y(u). Suppose 16*h - 14*h = -o. Calculate s(h).
14
Suppose 3*i = -10*i + 26. Let k(m) be the third derivative of -1/8*m**4 + 0 + 4*m**i - 1/6*m**3 + 1/120*m**6 + 0*m - 1/20*m**5. Calculate k(-2).
-15
Let p(i) = i**3 + 3*i**2 - 4*i - 1. Suppose -3*a = -4*f + 163, 6*f - 3*f = -6. Let b = 53 + a. Determine p(b).
-1
Let j(i) be the first derivative of i**7/840 + i**6/180 - i**5/120 + i**4/24 - 8*i**3/3 - 19. Let w(n) be the third derivative of j(n). Calculate w(-2).
3
Let h(l) = -13*l**2 + 3*l**2 - l**2 + 8 - l**3 + 13*l. Let c be h(-12). Let w be (-2 + 0)*(c - -5). Let y(n) = 2*n**2 + 2. What is y(w)?
10
Let r = -50 + 53. Let g(o) = -3*o + 2*o + 6*o - r*o + 3. What is g(-3)?
-3
Let d = -12 - -15. Let y(h) = 2*h - 2 + 6 - d. Calculate y(-2).
-3
Let x = 330 + -338. Let j(n) = -n**2 - 11*n - 19. Determine j(x).
5
Let d(r) = -26*r - 1. Let w be d(1). Let a be 38/6 - 18/w. Let b(n) = n**3 - 8*n**2 + 7*n. What is b(a)?
0
Let h(c) = 6 - 3*c**2 + c**2 - 6*c + 3*c**2. Suppose -2*m + 17 = -7. Suppose 0*p + m = 2*p. Calculate h(p).
6
Suppose 5*x - 274 - 11 = 0. Let g = x + -50. Let h(j) = -j**2 + 7*j - 4. Give h(g).
-4
Let s(i) be the first derivative of -i**2/2 + 2*i + 2. Let n = 150 + -153. Let y be s(n). Let h(w) = -2*w + 2. Calculate h(y).
-8
Let i be -20*(-4 - (-90)/25). Let n(x) = -x + 0*x - 8 + i. Give n(3).
-3
Suppose 79 = 7*a - 474. Let t = 83 - a. Let v(w) be the first derivative of -w**3/3 + 5*w**2/2 - 3*w + 1. Determine v(t).
1
Let i(c) = -22*c**3 - c**2 - c + 13. Let w(n) = -5*n**3 + 3. Let y(g) = 2*i(g) - 9*w(g). Calculate y(2).
-5
Let d(q) be the second derivative of -5/6*q**3 - 1/12*q**4 + 8*q + 0 + 2*q**2. Let z be d(-6). Let f(l) = -l**2 - l - 2. Calculate f(z).
-4
Suppose -2*g = -4*g + 4*a + 22, 4 = -g - 3*a. Let q(t) = -64*t**3 